 is divided by 53?
51
What is the remainder when 5887 is divided by 95?
92
Calculate the remainder when 1196 is divided by 291.
32
What is the remainder when 593 is divided by 11?
10
Calculate the remainder when 272 is divided by 21.
20
Calculate the remainder when 1985 is divided by 45.
5
What is the remainder when 480 is divided by 42?
18
Calculate the remainder when 367 is divided by 12.
7
Calculate the remainder when 995 is divided by 6.
5
Calculate the remainder when 2172 is divided by 128.
124
What is the remainder when 542 is divided by 32?
30
What is the remainder when 114 is divided by 13?
10
Calculate the remainder when 44 is divided by 17.
10
Calculate the remainder when 1039 is divided by 130.
129
Calculate the remainder when 186 is divided by 50.
36
Calculate the remainder when 29 is divided by 5.
4
Calculate the remainder when 135 is divided by 8.
7
Calculate the remainder when 425 is divided by 72.
65
Calculate the remainder when 133 is divided by 80.
53
Calculate the remainder when 7103 is divided by 103.
99
Calculate the remainder when 741 is divided by 124.
121
What is the remainder when 133 is divided by 30?
13
Calculate the remainder when 1521 is divided by 374.
25
What is the remainder when 524 is divided by 5?
4
What is the remainder when 987 is divided by 76?
75
Calculate the remainder when 477 is divided by 18.
9
Calculate the remainder when 218 is divided by 75.
68
What is the remainder when 635 is divided by 23?
14
Calculate the remainder when 329 is divided by 68.
57
Calculate the remainder when 19726 is divided by 48.
46
What is the remainder when 99 is divided by 34?
31
Calculate the remainder when 731 is divided by 159.
95
What is the remainder when 447 is divided by 61?
20
What is the remainder when 751 is divided by 29?
26
Calculate the remainder when 1452 is divided by 406.
234
Calculate the remainder when 500 is divided by 18.
14
Calculate the remainder when 125 is divided by 28.
13
What is the remainder when 101 is divided by 36?
29
What is the remainder when 2660 is divided by 31?
25
Calculate the remainder when 627 is divided by 17.
15
Calculate the remainder when 1267 is divided by 116.
107
Calculate the remainder when 4947 is divided by 75.
72
What is the remainder when 345 is divided by 12?
9
Calculate the remainder when 4479 is divided by 8.
7
What is the remainder when 400 is divided by 134?
132
What is the remainder when 25340 is divided by 352?
348
Calculate the remainder when 11265 is divided by 262.
261
What is the remainder when 63 is divided by 33?
30
What is the remainder when 191 is divided by 135?
56
Calculate the remainder when 294 is divided by 8.
6
Calculate the remainder when 170 is divided by 26.
14
Calculate the remainder when 27 is divided by 3.
0
What is the remainder when 40 is divided by 14?
12
What is the remainder when 219 is divided by 58?
45
What is the remainder when 473 is divided by 51?
14
Calculate the remainder when 232 is divided by 53.
20
Calculate the remainder when 396 is divided by 27.
18
Calculate the remainder when 551 is divided by 110.
1
Calculate the remainder when 42432 is divided by 103.
99
Calculate the remainder when 110 is divided by 83.
27
Calculate the remainder when 186 is divided by 64.
58
Calculate the remainder when 1325 is divided by 638.
49
Calculate the remainder when 1003 is divided by 28.
23
What is the remainder when 237 is divided by 134?
103
What is the remainder when 2847 is divided by 28?
19
Calculate the remainder when 5258 is divided by 122.
12
What is the remainder when 275 is divided by 57?
47
Calculate the remainder when 390 is divided by 36.
30
Calculate the remainder when 303 is divided by 61.
59
What is the remainder when 948 is divided by 38?
36
What is the remainder when 246 is divided by 31?
29
What is the remainder when 921 is divided by 460?
1
What is the remainder when 78 is divided by 21?
15
Calculate the remainder when 1674 is divided by 14.
8
Calculate the remainder when 112 is divided by 3.
1
What is the remainder when 1627 is divided by 204?
199
What is the remainder when 9102 is divided by 15?
12
What is the remainder when 1886 is divided by 927?
32
Calculate the remainder when 8 is divided by 8.
0
What is the remainder when 201 is divided by 23?
17
What is the remainder when 40 is divided by 21?
19
Calculate the remainder when 163 is divided by 60.
43
Calculate the remainder when 3637 is divided by 5.
2
What is the remainder when 451 is divided by 220?
11
What is the remainder when 150 is divided by 39?
33
What is the remainder when 100 is divided by 39?
22
Calculate the remainder when 459 is divided by 51.
0
Calculate the remainder when 47 is divided by 2.
1
Calculate the remainder when 119 is divided by 30.
29
Calculate the remainder when 2292 is divided by 62.
60
What is the remainder when 1734 is divided by 62?
60
Calculate the remainder when 819 is divided by 41.
40
Calculate the remainder when 64 is divided by 41.
23
What is the remainder when 1512 is divided by 77?
49
Calculate the remainder when 2128 is divided by 35.
28
Calculate the remainder when 5762 is divided by 51.
50
What is the remainder when 900 is divided by 11?
9
What is the remainder when 143 is divided by 110?
33
What is the remainder when 638 is divided by 89?
15
What is the remainder when 286 is divided by 43?
28
What is the remainder when 173 is divided by 45?
38
Calculate the remainder when 126 is divided by 35.
21
Calculate the remainder when 219 is divided by 32.
27
Calculate the remainder when 2071 is divided by 56.
55
Calculate the remainder when 218 is divided by 22.
20
What is the remainder when 970 is divided by 103?
43
Calculate the remainder when 1207 is divided by 27.
19
What is the remainder when 42 is divided by 9?
6
Calculate the remainder when 15568 is divided by 18.
16
What is the remainder when 703 is divided by 342?
19
Calculate the remainder when 126 is divided by 22.
16
Calculate the remainder when 118 is divided by 32.
22
What is the remainder when 54 is divided by 52?
2
What is the remainder when 30 is divided by 6?
0
Calculate the remainder when 49 is divided by 27.
22
Calculate the remainder when 12235 is divided by 40.
35
What is the remainder when 98 is divided by 22?
10
Calculate the remainder when 282 is divided by 25.
7
What is the remainder when 36 is divided by 21?
15
Calculate the remainder when 616 is divided by 127.
108
Calculate the remainder when 582 is divided by 56.
22
What is the remainder when 806 is divided by 223?
137
Calculate the remainder when 193 is divided by 99.
94
Calculate the remainder when 5547 is divided by 146.
145
What is the remainder when 8002 is divided by 58?
56
Calculate the remainder when 4438 is divided by 12.
10
Calculate the remainder when 2970 is divided by 96.
90
What is the remainder when 494 is divided by 16?
14
Calculate the remainder when 1215 is divided by 16.
15
What is the remainder when 397 is divided by 71?
42
What is the remainder when 36 is divided by 13?
10
What is the remainder when 265 is divided by 79?
28
What is the remainder when 10499 is divided by 25?
24
What is the remainder when 2105 is divided by 9?
8
What is the remainder when 130 is divided by 30?
10
Calculate the remainder when 86 is divided by 2.
0
What is the remainder when 186 is divided by 19?
15
What is the remainder when 99 is divided by 45?
9
Calculate the remainder when 2543 is divided by 49.
44
What is the remainder when 173 is divided by 35?
33
What is the remainder when 177 is divided by 20?
17
Calculate the remainder when 615 is divided by 24.
15
What is the remainder when 174 is divided by 16?
14
Calculate the remainder when 2513 is divided by 1252.
9
Calculate the remainder when 158 is divided by 41.
35
What is the remainder when 320 is divided by 17?
14
What is the remainder when 1675 is divided by 23?
19
Calculate the remainder when 30 is divided by 4.
2
What is the remainder when 3051 is divided by 41?
17
What is the remainder when 1234 is divided by 88?
2
Calculate the remainder when 418 is divided by 382.
36
What is the remainder when 121 is divided by 7?
2
Calculate the remainder when 64063 is divided by 91.
90
What is the remainder when 381 is divided by 64?
61
What is the remainder w